ulate (-23 - (-78 + 164)) + 36.
-73
Calculate -513 + 531 - (-34 + 7).
45
Calculate (-26 - (-18 + -24)) + 63.
79
What is 73 + -86 + 36 - (7 - 27)?
43
What is 41 - (-76 - -57 - -2)?
58
-14 + 0 + (115 - 70 - 42) + (-17 - -65)
37
What is 16 + (-29 - 0) + -380 + 361 + (-3 - 0)?
-35
What is 419 + -395 - (2 + 31)?
-9
65 - ((-17 - 10) + 28 - -32)
32
What is the value of -40 - (184 + -208 + (5 - -1))?
-22
616 - 665 - (6 + (-5 - -7))
-57
What is -10 + -4 + 2 + (0 - -15)?
3
What is the value of 10 + 0 + -2605 + 2561?
-34
Evaluate 7 + (25 - 13) + 7 + (-11 - -8).
23
What is 2 + 8 + 17 + -68 + 7 + -18 + 4?
-48
Evaluate 42 + (83 + -85 + -1 + 4 - 9).
34
What is the value of (-46 - -1) + (-1934 - -1982)?
3
-169 + (35 - 20) - -21 - -28
-105
What is -4 + (-44 - -69 - -44)?
65
12 - (-9 + 17 - (-9 - -10 - 6))
-1
What is the value of (7 + -44 - -141) + 12 - (-1 + -3)?
120
Evaluate -191 + (-16 - 133) + 197.
-143
What is the value of -8 + (1 - (5 - 2) - (46 - (-26 - -63)))?
-19
What is the value of (29 - -4) + -34 - (6 + 45)?
-52
Calculate 10 + -9 + 31 + -33 + 10 + -93 + 0.
-84
What is the value of 48 + (-1 - 31) + 12 + 11?
39
What is the value of -3 - 1 - (-6 - (27 + -17) - -70 - -6)?
-64
What is 21 - 2 - (-898 - -954)?
-37
-146 - (-33 + -62) - (12 - 2)
-61
-16 - 1 - (1 + -15 + -6)
3
Calculate (3 - 0 - 92) + -3497 + 3494.
-92
(2 - 93) + (0 + (16 + -5 - 15) - 4)
-99
What is the value of -164 - -158 - (-7 - 3 - (-5 - -5))?
4
What is (11 - 3) + -1 + (3 - 22)?
-12
What is the value of 0 - -6 - (1 + -27 + -912 + 937)?
7
(82 - 40 - 170) + 110
-18
Evaluate -30 + 2 - 0 - (-71 + 167 + -79).
-45
What is 42 - (-109 + -48 + 299)?
-100
Evaluate (-598 + 666 - (-1 - -36)) + (19 - 0).
52
What is 9 - -3 - (-20 - -24 - 16 - (0 + -2))?
22
Calculate 8 + (2 - 1) + -91 + 73 - 9.
-18
Calculate -125 + (158 - 109 - -195).
119
58 - ((-7 - -33 - 42) + 6)
68
Calculate (-32 - (-70 + 120)) + 88.
6
What is -2 + (4 - 10) + (53 - (-36 - -15)) + -18?
48
Calculate -4 - ((31 - (-6 - -18)) + -10).
-13
What is 249 + -296 + 49 + -1?
1
Calculate 96 - 1 - (2530 - 2488) - 0.
53
Calculate (-6069 - -6039) + -2 + -64.
-96
What is the value of 36 + (-40 - -48 - -3) - 44?
3
Evaluate -37 - (15 + -66) - (8 - 23).
29
What is the value of 0 - (2 - -135) - (19527 - 19567)?
-97
-16 + (-2 + -12 - -26) + 23
19
Calculate 67 + -315 + 322 + 5 + (-2 - 0 - -3).
80
Evaluate 49 + (16 - 60) + -4.
1
-119 + 2 + 257 + (-32 - 189)
-81
Evaluate 18 - (-12 - 25) - 46.
9
Evaluate 2 + -2 - -6 - 13 - 5 - -2 - 0.
-10
What is (18 - 14) + 8 - (15 + -16) - -92?
105
What is -23 + (3 - 12) + 15 + 21?
4
7 - ((0 - -73) + (-323 - -304))
-47
What is (2 + -16 + -1 - -12) + -41?
-44
Evaluate ((3 - 44) + (12 - 13) - 15) + 8.
-49
Calculate (119 - 138) + (6 - 19) + -57.
-89
What is the value of ((-2 - -1) + -9 - (5 - 8)) + (-1455 - -1445)?
-17
What is -1 - ((-30 - (28 + -1 + -74)) + -3 + -1)?
-14
What is the value of 52 - (-1 - -4 - (-33 + 20))?
36
-51 - -34 - (3 - 11) - 36
-45
What is the value of -18 + 64 - -26 - 34?
38
Calculate 21 + -16 + -21 + 4 + -19.
-31
Evaluate 20 - (19 - (-34 + 3)).
-30
What is the value of (-13 - (-8 + -2)) + 8 + -1 + 5 + -90?
-81
(5 - 8 - 3) + 8 + 2 + -7
-3
What is the value of (16 - 3) + -34 - (2 + (9 - 8))?
-24
Calculate ((28 - 6) + 0 - -5) + -21 + 0 + 25.
31
What is the value of -10 + (-153 - -154 - (4 - (-5 + 3)))?
-15
What is the value of -43 - (-24 + -20) - (2 - (2 - -53))?
54
What is -118 - (-50 + (-20 - -12) + 24)?
-84
What is the value of -1 + -15 + (-44 - -28 - -32)?
0
Calculate 119 - (70 - -48 - 111).
112
Evaluate (18 - 8) + ((1 - -3) + 36 - (-10 - -18)).
42
(-65 - -90) + (12 - -7) + -3
41
Calculate -507 + 580 - (31 + 2).
40
15 + 3 + -9 + 10 + -6 + -50
-37
Calculate (6 + -13 + 19 + -10 - -56) + 2.
60
What is 24 + (-28 - -4) + 22 + -48?
-26
Calculate 7 + 1 + -3 + 4 - (19 - 11) - 12.
-11
Calculate -64 - (-10 - (64 - 16)).
-6
Calculate 88 - (-11 + 3 - -5 - 40).
131
Calculate (9 - 9) + -14 + (-20 - -32) + -67.
-69
Calculate (0 - (-34 - -8)) + (-9 + 17 - 5).
29
What is the value of -49 + 106 + 6 + (4 + 4 + 4 - 1)?
74
Calculate (1 - 5) + (-166 - -169) + -6 + 2.
-5
Calculate (-5 - (-41 + 19 + 15)) + -42.
-40
Calculate (28 - (-18 - -40)) + -1 + -5 + 102 - -1.
103
(127 - (183 + -94)) + -24
14
Calculate (7 - -29 - -17) + (9 + 1 - -2) + -10.
55
(13 - 6 - 5) + 21 + -9 - 3
11
Evaluate (-7 + -28 - -9) + 39 - -35.
48
Calculate -95 - -34 - (-126 - -93).
-28
What is -145 - (25 + (17 + 14 - 80))?
-121
What is the value of -69 + -16 + 74 - ((-36 - -3) + 4)?
18
Calculate (-1 - -1) + 29 - (-25 - (21 + -45)).
30
Evaluate -44 + -35 - (-1 + 20 + (-3 - 7)).
-88
Calculate 80 - (-86 + 174 + 8).
-16
Evaluate (-11 - -11 - (0 + 0)) + 97 - (93 + -91).
95
Calculate 8 + (3 - 8) - (5 + (-10 - 6) - -4).
10
What is the value of (-25 - -34 - 3) + (-3 - 1) + 57 + 4?
63
Calculate -15 - (-72 - -30 - -40).
-13
What is the value of 2 + (-13 + 1 + 10 + -7 - -9)?
2
Evaluate -28 + (36 - (-56 + 24)).
40
Calculate -70 + (-32 - (15 + -150)).
33
What is the value of (1346 - 1311) + -9 + 3?
29
What is the value of 76 - (327 - (83 - -19))?
-149
What is the value of -162 + (-42 - -101) + 71?
-32
What is 30 - 10 - (2 + 9) - (-4 - 3)?
16
What is 44 + 47 + -153 + 24 + 48?
10
Evaluate -1635 + 1647 - (-24 - (0 - 2)).
34
-11 - 1 - (5 + (-14 - -27) - 40)
10
Evaluate (87 - 51) + 102 - 76.
62
What is -164 - (-495 - -219) - (9 + -1)?
104
Evaluate 1 - 7 - (-11055 + 11104).
-55
Evaluate 86 - (-106 + 86 - -224).
-118
Calculate -7 - 1 - 0 - (477 - (-126 + 517)).
-94
What is -25 + 3 - (16 + -19 - -35)?
-54
360 + -294 + (-109 - 19)
-62
Calculate -5 - -13 - (60 + 31 + -80).
-3
(-43 + (43 - 109) - ((-4 - -8) + -5)) + -7
-115
What is -71 + 84 + 33 + -39 + 0 + 4 + 85?
96
Calculate -7 + -1 + 12 - (0 + 15) - 30.
-41
Evaluate -66 - (-13 - -25) - (-11 + (25 - 6) + -6).
-80
90 - 15 - 73 - (11 + -11 + -1 + 28)
-25
Calculate -40 + -82 + 13 + 35.
-74
Calculate -137 + 37 + 0 + 2 + -30.
-128
Calculate 4 + -2 + -4 + (5 - (-17 + 49)).
-29
What is -9 + -5 - -7 - (-29 - (6 + -22) - 41)?
47
What is -1 + (45 - 2) + 114 + -50?
106
253 - 325 - (14 - 95)
9
Evaluate 22 + (-34 + 77 - 21) - 36.
8
Evaluate (-21 - (-14 - (19 + 4))) + (0 - -16).
32
-1 + (101 - -10) + -82
28
Calculate (169 - (-161 + 297)) + (-144 - -3).
-108
What is the value of 62 - (-57 + (11 - -72))?
36
Evaluate 18 - 68 - (12 + -7).
-55
-94 - (-117 + 29) - 88
-94
(43 - 44) + 30 + -6 - -4
27
What is -30 - (16 - (14 + -9 + -25))?
-66
22 + -22 + 9 + 3
12
Calculate 584 - 628 - (1 - -39) - 14.
-98
5 + -14 + (-10 - (-11 - -5 - 3) - -19)
9
Calculate (-12 - 56) + 96 - 45.
-17
Calculate (-5 + -8 + 17 - 6) + (2 - 46).
-46
What is the value of (-47 - ((4 - 2) + 0)) + (-502 - -498)?
-53
Calculate (121 - 50 - 14) + -40.
17
Evaluate -64 - (-112 - -57) - (0 + -3 + -32).
26
What is -145 + 33 + 149 + -112?
-75
Calculate -10 - (-130 + 132 - (17 + -1)).
4
Evaluate 1078 - 1114 - (-126 - 2).
92
Calculate -8 - (-32 - ((19 - -26) + -178)).
-109
Evaluate (-111 - -66) + (8 - (-10 + -3 + 8)).
-32
What is (-12 + 0 - (-359 - -345)) + -1 + -4 + 117?
114
1 - -2 - (-173 - -215)
-39
Calculate 4 + -1 - (62 + (22 + 14 + -19 - 14)).
-62
Evaluate 21 + (3 - 1) + 300 + -372.
-49
What is the value of -18 + 9 - -8 - (68 + -1 + 12)?
-80
What is 13 - 17 - (-6 + 12 - 19)?
9
Evaluate 0 - -24 - (133 + -45 + -103).
39
(-5 + -5 - -9 - -14) + 62 + (8 - 12)
71
What is the value of -100 - -42 - -134 - 99?
-23
((3 - (-10 + 1) - 5) + -2 - -15) + 10
30
35 - ((161 - 78) + 27)
-75
What is (10 - -30) + -42 + -6 + 0 + (-16 - 2)?
-26
Evaluate 3 + -6 + 50 + 6 + (10 - (11 + -4)).
56
70 - ((-107 - -86) + 25)
66
What is the value of 10 + -9 - (-7 + 21 + -26 + -39)?
52
What is -82 + 8 + -13 + 6 + (24 - 10) + -5?
-72
What is the value of -42 - ((5 - (-15 - (-42 + 20))) + 0 + -4)?
-36
What is (-8 - 2) + (-48 - (-16 + 33))?
-75
Calculate -69 - -133 - (34 + 121).
-91
What is the value of 6 + (-8 - (-4 + 1)) + (69 - 79)?
-9
Evaluate (38 - 25) + -8 + -25 + -73 + -24.
-117
What is (-332 + 201 - -1) + (3 - -8 - -3)?
-116
What is -4 - ((-9 + 11 - (2 + -38)) + -13)?
-29
Calculate -45 + (4 - 14 - (17 - 2 - 17) - -1).
-52
0 - (10 + 3 + -3 + 485 + -543)
48
What is 38 - (24 - (14 + (-1 - 4 - -4)))?
27
What is the value of 29 + 0 - ((9 - 2) + -101)?
123
What is the value of 46 + -43 + -39 + 16?
-20
Calculate -2